= -2*d - c, 0*d = -y + 5*d + 3949. Is y composite?
True
Suppose 5*n + 26 = 5*q + 2*n, 5*q - 16 = -2*n. Suppose -6*p + 10034 = -q*p. Is p composite?
True
Let f = -27 - -33. Suppose 0 = -f*v - 187 - 101. Is (-108)/v*3592/6 a composite number?
True
Suppose 4*f - 5*t = 1727644, t = f + 251307 - 683218. Is f composite?
False
Is (50 + -62)*(-631355)/60 prime?
True
Let p(d) be the third derivative of d**3/6 - 8*d**2. Let b(q) = 7*q**2 - 19*q - 5. Let h(g) = b(g) + 4*p(g). Is h(-10) prime?
False
Let l(o) = -o - 21. Let a be l(-8). Let i = 16 - a. Suppose -i*c = -34*c + 275. Is c a prime number?
False
Is 459905892/393 + (9/(-1) - 2) a composite number?
False
Suppose 0 = -j, 5*h = 3*j + 2 + 8. Suppose -5*c + 2*c - 2*s = -22, -s = h*c - 15. Suppose -5091 - 1829 = -c*d. Is d a composite number?
True
Suppose -2*x = -d + 3, -5*d - 3 = -x - 0. Suppose 0 = p + a + 1, p - 1 = -4*p - 2*a. Is (1*(-1152 + p))/(d - 0) composite?
False
Is (-474)/4503 + (-487599)/(-19) a composite number?
True
Suppose -9*m + 3*p + 4 = -4*m, 2*p - 12 = -4*m. Suppose -m*n - 17908 = -4*x - 43982, -26114 = -2*n - 4*x. Is n composite?
True
Let z(u) = 5*u**2 + 74*u - 9. Let b be z(-15). Suppose -12 = 3*m, 0 = 2*w - m + b*m - 13502. Is w a prime number?
True
Let q(t) = -6*t + 11*t + 25*t + 15 + 10*t. Let v(b) = -40*b - 14. Let x(l) = 5*q(l) + 6*v(l). Is x(-5) a composite number?
False
Suppose 13*q - 38*q = -589900. Let y = -14105 + q. Is y composite?
False
Is ((-39)/60 - 6/(-15))/((-37)/67725836) a prime number?
True
Let m(y) = 2843*y**2 + 3*y - 7. Let b(k) = -8528*k**2 - 8*k + 19. Let w(j) = -3*b(j) - 8*m(j). Let p be (-4 + -1 + 3)/2. Is w(p) a prime number?
False
Let b be (-6)/5*(-75)/45. Suppose -3*y - 11 - 25 = -2*i, -5*y + b*i = 56. Is y/25 + (-31491)/(-15) prime?
True
Let f = -3233 - 5803. Let g = -4271 - f. Is g prime?
False
Let z be ((-1008)/(-30))/(2/1765 - 0). Let x = z - 19885. Is x a composite number?
False
Let b(h) = 82*h**2 - 32*h - 91. Is b(43) prime?
True
Suppose -364982 - 306124 = -3*w + 3*v, -223696 = -w - v. Is w a prime number?
False
Suppose 0*m - l = -2*m, 26 = 5*m + 4*l. Suppose 5*f + 7*w = 2*w + 22955, 5*w - 9194 = -m*f. Let b = -3190 + f. Is b a prime number?
False
Let z be 3/(12/16) + -4 + 3. Suppose -11*t + 41 = -z. Suppose -m - m - 5*n = -2503, -4*n = -t*m + 4992. Is m a composite number?
False
Let o(x) = 12*x + 16. Let h be o(-1). Is ((-2)/h)/(40/(-1362160)) a composite number?
False
Suppose -4713452 - 42004112 - 4706074 = -98*z. Is z composite?
False
Let l(d) = 5132*d + 15. Let x = -36 - -37. Is l(x) a prime number?
True
Suppose 74 = -6*w - 22. Let d(f) = 2*f + 5*f**2 - 4*f**2 - 2 + 5*f + 6*f. Is d(w) a composite number?
True
Suppose -5*w = 2*d - 3*d + 1, 0 = 2*w + 5*d - 5. Suppose 27*m - 137321 - 92206 = w. Is m prime?
True
Let g(i) = -14764*i**3 - 18*i**2 + 2 - 12*i**2 + 27*i**2 + 5524*i**3. Is g(-1) composite?
False
Let f = 11061 + 14582. Let d = -9166 + f. Is d a prime number?
True
Is (13027/(-49)*-4)/(2/7) a prime number?
False
Suppose -1177 = 2*h - 5089. Suppose 3*s - 3763 = 4*u, -h = 5*s - 5*u - 8236. Is s a composite number?
True
Suppose 344*a - 364*a + 2801193 = -2809427. Is a composite?
True
Is ((-69151572)/(-3151) + 4/46)*1/2 composite?
False
Suppose 0 = 2*m - m - 2, 16 = 5*s - 2*m. Suppose 5 = o, 4*i + s*o + 49239 = 9779. Let r = i - -14179. Is r composite?
True
Suppose 20*i + 31*i - 105217 = 50*i. Is i prime?
False
Suppose 89*j = 103*j. Suppose -5*s - 7*s + 76092 = j. Is s prime?
False
Suppose -161*b + 170*b - 60921 = 0. Is b composite?
True
Suppose -2*z = -2*u - 12, 3*z - u + 4*u - 12 = 0. Suppose z*k + 3 = 3*i, -3*k - 2*k = 5*i - 5. Is (-2*i)/(22/(-1001)) a prime number?
False
Let o(f) = -f**3 - 4*f**2 + 16*f - 7. Let z(n) = -2*n**2 + 8*n - 3. Let u(c) = -2*o(c) + 5*z(c). Suppose 937 = -7*w + 965. Is u(w) composite?
False
Let s be 4/(-5)*(16 - -4)/(-2). Suppose -2*t - s = -4. Is (2/(-4))/(t/(845 - 1)) a prime number?
True
Is (-16*(-7)/(-56))/((12/(-1047153))/2) prime?
True
Suppose -34*l + 33*l - 118 = 0. Is (235/((-35)/7))/(2/l) a prime number?
False
Let d(p) = -300*p - 1. Let g be d(-4). Suppose -6*y + 6 = 1549 + 1649. Let u = g + y. Is u composite?
True
Suppose 168*f = 163*f + 5*c + 518980, -10 = -2*c. Is f a prime number?
True
Let t = 181374 - -4527. Is t prime?
False
Let k = 307250 - 213943. Is k composite?
False
Let m(x) be the first derivative of 14*x**3/3 - 2*x**2 - 49*x - 17. Is m(8) a prime number?
False
Let p be 633/5 - 48/80. Suppose -p*h + 120*h + 71898 = 0. Is h composite?
True
Suppose -9*b + 5*b = 3*v - 1980031, -2*v + 4*b + 1319994 = 0. Is v composite?
True
Let d = 2133 + 3176. Let t = 9520 + d. Is t a prime number?
False
Let o(j) = j**3 + 602. Let d be o(0). Let i = d - 85. Is i a composite number?
True
Suppose 10*n = 4*n - 90. Let s be 5446/3 + (-10)/n. Suppose 0 = 8*i - s - 2080. Is i a prime number?
True
Is (98/6)/((-28)/(-12)) + 7148*2 a prime number?
True
Is ((388191024/273)/24)/(4/14) a prime number?
True
Let t(w) = 226*w + 1. Let h(g) = 225*g + 2. Let d(z) = 4*h(z) - 3*t(z). Let a be -3*(-200)/96 + 10/(-8) + 1. Is d(a) a prime number?
False
Suppose -189 = 59*n - 50*n. Is n + 4196 + 4/2 prime?
True
Let z = -46453 - -207762. Is z a prime number?
True
Let d(r) = r**3 - r**2 + 75*r + 38087. Is d(0) a composite number?
True
Is 4*(-5 - -4) + 26 + 74467 composite?
False
Let n be 1*-4*4/((-48)/(-9957)). Let s = -1280 - n. Is s composite?
False
Suppose 22 = 7*h + 1. Suppose h*x - 76 = 8. Suppose -x*q - 8612 = -32*q. Is q prime?
True
Let i be (14/(-4) + 5)*-2. Let q be -3*(-2)/(i + 5). Suppose 0*r = q*r - 2019. Is r a prime number?
True
Suppose -6*i + 1078161 = 3*q, -3*i = 2*q - 888502 + 169727. Is q composite?
False
Suppose -3 + 7 = -4*q, -2*p - 4*q = -6. Suppose -1481 = p*z - 5146. Is z a prime number?
True
Let w(n) = -725*n + 1893. Is w(-10) composite?
True
Let f = -109512 - -194399. Is f a prime number?
False
Suppose -296638 = -55*u + 990266 + 1152401. Is u composite?
False
Suppose 34*z - 2*z + 35*z = 82218313. Is z prime?
False
Let u be 8780/(-15)*-3 + -4. Suppose -5*a + 4*d = -5061, -2*a + 4*d + 282 = -u. Is a prime?
True
Let d = -91 + 95. Suppose 21812 = -0*p - d*p. Let u = p + 8994. Is u composite?
False
Suppose 65*b - 758007 - 3487988 = 0. Is b a prime number?
True
Let w(g) = -g**3 - 2*g**2 + g + 1. Let q be w(-1). Let s = q + 16. Suppose -13*p - 106 = -s*p. Is p prime?
True
Is (3310 + 20 - -13)*1 a prime number?
True
Let r = -130 + 133. Suppose 5*z = -u - 1, -4*z = -8*u + 7*u + 8. Suppose -5556 = -r*y - 6*g + g, -4*y = -u*g - 7376. Is y a prime number?
True
Let l = -90606 - -162745. Is l prime?
True
Let a be -3*10/(-15) - (2 - -1). Let h be ((-13 - a) + -1)*(1 - -108). Let p = -164 - h. Is p composite?
True
Let g = -398134 - -612888. Is g a composite number?
True
Let k(r) = -7*r + 6. Let s be k(6). Let h = s + 35. Is (h/(2/4106))/(-1) a prime number?
True
Suppose 3*m = 5*a - 3*a - 9, 0 = 2*a + m - 5. Let y(j) = 495*j**2 - 5*j + 3. Is y(a) a prime number?
False
Let j(o) = 87*o**3 - 10*o**2 - 2*o + 2. Is j(9) a composite number?
False
Is ((-168094)/(-8))/((-102)/(-24) - 4) a prime number?
True
Let x(t) = 72 - 179*t**3 + 178*t**3 + 34*t - 13*t**2 + 44*t**2. Is x(31) a composite number?
True
Let f(s) = s**3 + 8*s**2 + 8*s + 71. Let c be f(-8). Is ((-2)/c)/(40/(-107660)) a composite number?
False
Let k(t) = -t + 3. Let b be k(3). Suppose -5*v - 5*h = -30, v + 26*h = 23*h + 16. Is (-1756 - b)*-1 - 1 - v prime?
False
Is (8 - 5)/((36/335751)/4) a composite number?
True
Let r = -276 + -85. Let b = 618 + r. Is b a prime number?
True
Let i = 459 + 2338. Is i prime?
True
Let a be -3 - -19647 - (3 - 1). Suppose -74592 - 3974 = -4*q + 2*d, -a = -q + d. Is q a prime number?
False
Suppose 0 = -2*r - 1336 - 2216. Suppose 4*j = 11*j + 22015. Let s = r - j. Is s a prime number?
False
Let p(l) = 888*l**2 + 20*l - 3. Let h be p(5). Suppose -19*d + 8*d = -h. Is d prime?
True
Let b(v) = -15*v**3 + 10*v**2 - v - 26. Let g(n) = 14*n**3 + 11 + 0*n**2 - 7 + 23 + n - 11*n**2. Let a(o) = -4*b(o) - 3*g(o). Is a(5) a composite number?
True
Suppose 23*t + 118703 = 24*t - 2*u, -4*t - u = -474839. Is t a prime number?
True
Let h(z) = 3118*z + 367 - 123 - 183. Is h(4) a composite number?
True
Let v = 219 - 117. Let q = -95 + v. Is q prime?
True
Let i(a)